{"id":58,"date":"2015-11-23T15:18:15","date_gmt":"2015-11-23T14:18:15","guid":{"rendered":"http:\/\/vaillant-blog.local\/?page_id=58"},"modified":"2024-05-27T13:52:53","modified_gmt":"2024-05-27T11:52:53","slug":"impressum","status":"publish","type":"page","link":"https:\/\/www.vaillant.de\/21-grad\/impressum\/","title":{"rendered":"Impressum"},"content":{"rendered":"<section class=\"content_paragraph\"><strong>Anbieter:<\/strong><\/section>\n<section class=\"content_paragraph\">\n<p class=\"content_paragraph\"><strong>Vaillant Deutschland GmbH &amp; Co. KG<\/strong><br \/>\nBerghauser Str. 40<br \/>\n42859 Remscheid<\/p>\n<p class=\"content_paragraph\">Deutschland Sitz: Remscheid &#8211; Registergericht: Amtsgericht Wuppertal HRA 19318<br \/>\nUSt.-Ident-Nr. der Vaillant Deutschland GmbH &amp; Co. KG: DE 230767378<\/p>\n<p>Pers\u00f6nlich haftende Gesellschafterin: Vaillant GmbH, Sitz: Remscheid, Registergericht: Amtsgericht Wuppertal HRB 11775<br \/>\nGesch\u00e4ftsf\u00fchrer: Dr.-Ing. Norbert Schiedeck (Vorsitzender), Dr. Stefan Borchers, Dr. Andree Groos, Klaus K\u00f6nig<br \/>\nVorsitzender des Aufsichtsrates: Dr. Hubertus W. Labes<\/p>\n<p>Gesch\u00e4ftsf\u00fchrende Kommanditistin: Vaillant Marketing GmbH, Sitz: Remscheid, Registergericht: Amtsgericht Wuppertal HRB 14558<br \/>\nGesch\u00e4ftsf\u00fchrer: Dr. Tillmann von Schroeter, Dr. Stefan Borchers, Dr. Andree Groos, Dr.-Ing. Norbert Schiedeck, Robert Worch<\/p>\n<p>Kontakt: <a href=\"https:\/\/vaillant.helpjuice.com\/contact-us\">Kontaktformular<\/a><\/p>\n<p>Vaillant Infoline: <a href=\"tel:01806824552\">0180 6 824 552<\/a><br \/>\n(20 Cent\/Anruf aus dem deutschen Festnetz, aus Mobilfunk max. 60 Cent\/Anruf.)<br \/>\nFax: 0 21 91-18 28 10<\/p>\n<p><strong>Verantwortlich f\u00fcr den Inhalt nach \u00a7 55 Abs. 2 RStV<\/strong><\/p>\n<p><strong>Vaillant Deutschland GmbH &amp; Co. KG<\/strong><br \/>\nBerghauser Str. 40<br \/>\n42859 Remscheid<br \/>\nDeutschland<br \/>\n<strong>E-Mail: <\/strong><a href=\"mailto:blog@21-grad.de\" target=\"_blank\" rel=\"noopener noreferrer\">blog@21-grad.de<\/a><strong><br \/>\n<\/strong><\/p>\n<p><strong>Datenschutz <\/strong><br \/>\nUnsere Websites werden in verschiedenen L\u00e4ndern betrieben und sind f\u00fcr Besucher aus diesen L\u00e4ndern bestimmt. Ihre pers\u00f6nlichen Daten werden in \u00dcbereinstimmung mit den Datenschutzbestimmungen des Landes, in dem die Website betrieben wird, gespeichert und weiterverwendet. Genauere Informationen zum Datenschutz finden Sie <a href=\"https:\/\/www.vaillant.de\/ueber-uns\/datenschutz\/\" target=\"_blank\" rel=\"noopener noreferrer\">hier<\/a>.<\/p>\n<p><strong>Urheberrechte <\/strong><br \/>\n\u00a9 Vaillant Deutschland GmbH &amp; Co. KG<br \/>\nBerghauser Str. 40 , D-42859 Remscheid, Deutschland.<\/p>\n<p>Alle Rechte vorbehalten. Text, Bilder, Grafiken, Sound, Animationen und Videos sowie deren Anordnung auf diesem Unternehmensblog der Vaillant Deutschland GmbH &amp; Co. KG unterliegen dem Schutz des Urheberrechts und anderer Schutzgesetze. Der Inhalt dieser Website darf nicht zu kommerziellen Zwecken kopiert, verbreitet, ver\u00e4ndert oder Dritten zug\u00e4nglich gemacht werden. Wir weisen daraufhin, dass auf den Websites enthaltene Bilder teilweise dem Urheberrecht Dritter unterliegen.<\/p>\n<p><strong>Markenzeichen <\/strong><br \/>\nSoweit nicht anders angegeben, sind alle Markenzeichen auf dieser Website markenrechtlich zugunsten der Vaillant Deutschland GmbH &amp; Co. KG und\/oder der entsprechend \u00a7 15 AktG mit der Vaillant Deutschland GmbH &amp; Co. KG verbundenen Unternehmen gesch\u00fctzt. Dies gilt insbesondere f\u00fcr Marken, Typenbezeichnungen, Logos und Embleme.<\/p>\n<p><strong>Haftung <\/strong><br \/>\nDiese Website wurde mit gr\u00f6\u00dftm\u00f6glicher Sorgfalt zusammengestellt. Trotzdem kann keine Gew\u00e4hr f\u00fcr die Fehlerfreiheit und Genauigkeit der enthaltenen Informationen \u00fcbernommen werden. Jegliche Haftung f\u00fcr Sch\u00e4den, die direkt oder indirekt aus der Benutzung dieser Website entstehen, wird ausgeschlossen, soweit diese nicht auf Vorsatz oder grober Fahrl\u00e4ssigkeit beruhen. Sofern von dieser Website auf Internetseiten verwiesen wird, die von Dritten betrieben werden, \u00fcbernimmt die Vaillant Deutschland GmbH &amp; Co. KG keine Verantwortung f\u00fcr deren Inhalte.<\/p>\n<p><strong>Nutzungsrechte <\/strong><br \/>\nDie auf dieser Seite verwendeten Inhalte sind leistungsrechtlich gesch\u00fctzt. Eine Verwertung, Vervielf\u00e4ltigung oder sonstige Verwendung bedarf der vorherigen schriftlichen Zustimmung der Vaillant Deutschland GmbH &amp; Co. KG. Diese Seite enth\u00e4lt auch gesch\u00fctztes geistiges Eigentum wie Patente, Marken und Urheberrechte. Durch diese Website wird keine Lizenz zur Nutzung des geistigen Eigentums der Vaillant Deutschland GmbH &amp; Co. KG, deren entsprechend \u00a7 15 AktG verbundenen Unternehmen oder Dritten erteilt. Alle Rechte bleiben vorbehalten.<\/p>\n<p><strong>Urheberrecht<\/strong><br \/>\nEine Verwertung des urheberrechtlichen gesch\u00fctzten Inhalte und Abbildungen, insbesondere durch Vervielf\u00e4ltigung, ist ohne die vorherige schriftliche Zustimmung der Vaillant Deutschland GmbH &amp; Co. KG unzul\u00e4ssig und strafbar, soweit sich aus Urheberrechtsgesetz nichts anderes ergibt.<\/p>\n<\/section>\n","protected":false},"excerpt":{"rendered":"<p>Anbieter: Vaillant Deutschland GmbH &amp; Co. KG Berghauser Str. 40 42859 Remscheid Deutschland Sitz: Remscheid &#8211; Registergericht: Amtsgericht Wuppertal HRA 19318 USt.-Ident-Nr. der Vaillant Deutschland GmbH &amp; Co. KG: DE 230767378 Pers\u00f6nlich haftende Gesellschafterin: Vaillant GmbH, Sitz: Remscheid, Registergericht: Amtsgericht Wuppertal HRB 11775 Gesch\u00e4ftsf\u00fchrer: Dr.-Ing. Norbert Schiedeck (Vorsitzender), Dr. Stefan Borchers, Dr. Andree Groos, Klaus&#8230;  <a class=\"excerpt-read-more\" href=\"https:\/\/www.vaillant.de\/21-grad\/impressum\/\" title=\"Read Impressum\">Read more &raquo;<\/a><\/p>\n","protected":false},"author":1,"featured_media":0,"parent":0,"menu_order":0,"comment_status":"closed","ping_status":"closed","template":"","meta":{"footnotes":""},"coauthors":[67],"class_list":["post-58","page","type-page","status-publish","hentry"],"yoast_head":"<!-- This site is optimized with the Yoast SEO plugin v27.4 - https:\/\/yoast.com\/product\/yoast-seo-wordpress\/ -->\n<title>Impressum | 21 grad<\/title>\n<meta name=\"description\" content=\"Hier findet ihr die g\u00fcltigen Kontakt- und Impressums-Informationen zum 21 grad-Blog. Jetzt lesen und informieren!\" \/>\n<meta name=\"robots\" content=\"index, follow, max-snippet:-1, max-image-preview:large, max-video-preview:-1\" \/>\n<link rel=\"canonical\" href=\"https:\/\/www.vaillant.de\/21-grad\/impressum\/\" \/>\n<meta property=\"og:locale\" content=\"de_DE\" \/>\n<meta property=\"og:type\" content=\"article\" \/>\n<meta property=\"og:title\" content=\"Impressum | 21 grad\" \/>\n<meta property=\"og:description\" content=\"Hier findet ihr die g\u00fcltigen Kontakt- und Impressums-Informationen zum 21 grad-Blog. Jetzt lesen und informieren!\" \/>\n<meta property=\"og:url\" content=\"https:\/\/www.vaillant.de\/21-grad\/impressum\/\" \/>\n<meta property=\"og:site_name\" content=\"21 grad\" \/>\n<meta property=\"article:publisher\" content=\"https:\/\/www.facebook.com\/21grad\/\" \/>\n<meta property=\"article:modified_time\" content=\"2024-05-27T11:52:53+00:00\" \/>\n<meta name=\"twitter:card\" content=\"summary_large_image\" \/>\n<meta name=\"twitter:site\" content=\"@vaillant_de\" \/>\n<meta name=\"twitter:label1\" content=\"Gesch\u00e4tzte Lesezeit\" \/>\n\t<meta name=\"twitter:data1\" content=\"3\u00a0Minuten\" \/>\n\t<meta name=\"twitter:label2\" content=\"Written by\" \/>\n\t<meta name=\"twitter:data2\" content=\"Stephan\" \/>\n<script type=\"application\/ld+json\" class=\"yoast-schema-graph\">{\"@context\":\"https:\\\/\\\/schema.org\",\"@graph\":[{\"@type\":\"WebPage\",\"@id\":\"https:\\\/\\\/www.vaillant.de\\\/21-grad\\\/impressum\\\/\",\"url\":\"https:\\\/\\\/www.vaillant.de\\\/21-grad\\\/impressum\\\/\",\"name\":\"Impressum | 21 grad\",\"isPartOf\":{\"@id\":\"https:\\\/\\\/www.vaillant.de\\\/21-grad\\\/#website\"},\"datePublished\":\"2015-11-23T14:18:15+00:00\",\"dateModified\":\"2024-05-27T11:52:53+00:00\",\"description\":\"Hier findet ihr die g\u00fcltigen Kontakt- und Impressums-Informationen zum 21 grad-Blog. Jetzt lesen und informieren!\",\"breadcrumb\":{\"@id\":\"https:\\\/\\\/www.vaillant.de\\\/21-grad\\\/impressum\\\/#breadcrumb\"},\"inLanguage\":\"de\",\"potentialAction\":[{\"@type\":\"ReadAction\",\"target\":[\"https:\\\/\\\/www.vaillant.de\\\/21-grad\\\/impressum\\\/\"]}]},{\"@type\":\"BreadcrumbList\",\"@id\":\"https:\\\/\\\/www.vaillant.de\\\/21-grad\\\/impressum\\\/#breadcrumb\",\"itemListElement\":[{\"@type\":\"ListItem\",\"position\":1,\"name\":\"Startseite\",\"item\":\"https:\\\/\\\/www.vaillant.de\\\/21-grad\\\/\"},{\"@type\":\"ListItem\",\"position\":2,\"name\":\"Impressum\"}]},{\"@type\":\"WebSite\",\"@id\":\"https:\\\/\\\/www.vaillant.de\\\/21-grad\\\/#website\",\"url\":\"https:\\\/\\\/www.vaillant.de\\\/21-grad\\\/\",\"name\":\"21 grad\",\"description\":\"Der Blog f\u00fcr Menschen, die weiterdenken\",\"potentialAction\":[{\"@type\":\"SearchAction\",\"target\":{\"@type\":\"EntryPoint\",\"urlTemplate\":\"https:\\\/\\\/www.vaillant.de\\\/21-grad\\\/?s={search_term_string}\"},\"query-input\":{\"@type\":\"PropertyValueSpecification\",\"valueRequired\":true,\"valueName\":\"search_term_string\"}}],\"inLanguage\":\"de\"}]}<\/script>\n<!-- \/ Yoast SEO plugin. -->","yoast_head_json":{"title":"Impressum | 21 grad","description":"Hier findet ihr die g\u00fcltigen Kontakt- und Impressums-Informationen zum 21 grad-Blog. Jetzt lesen und informieren!","robots":{"index":"index","follow":"follow","max-snippet":"max-snippet:-1","max-image-preview":"max-image-preview:large","max-video-preview":"max-video-preview:-1"},"canonical":"https:\/\/www.vaillant.de\/21-grad\/impressum\/","og_locale":"de_DE","og_type":"article","og_title":"Impressum | 21 grad","og_description":"Hier findet ihr die g\u00fcltigen Kontakt- und Impressums-Informationen zum 21 grad-Blog. Jetzt lesen und informieren!","og_url":"https:\/\/www.vaillant.de\/21-grad\/impressum\/","og_site_name":"21 grad","article_publisher":"https:\/\/www.facebook.com\/21grad\/","article_modified_time":"2024-05-27T11:52:53+00:00","twitter_card":"summary_large_image","twitter_site":"@vaillant_de","twitter_misc":{"Gesch\u00e4tzte Lesezeit":"3\u00a0Minuten","Written by":"Stephan"},"schema":{"@context":"https:\/\/schema.org","@graph":[{"@type":"WebPage","@id":"https:\/\/www.vaillant.de\/21-grad\/impressum\/","url":"https:\/\/www.vaillant.de\/21-grad\/impressum\/","name":"Impressum | 21 grad","isPartOf":{"@id":"https:\/\/www.vaillant.de\/21-grad\/#website"},"datePublished":"2015-11-23T14:18:15+00:00","dateModified":"2024-05-27T11:52:53+00:00","description":"Hier findet ihr die g\u00fcltigen Kontakt- und Impressums-Informationen zum 21 grad-Blog. Jetzt lesen und informieren!","breadcrumb":{"@id":"https:\/\/www.vaillant.de\/21-grad\/impressum\/#breadcrumb"},"inLanguage":"de","potentialAction":[{"@type":"ReadAction","target":["https:\/\/www.vaillant.de\/21-grad\/impressum\/"]}]},{"@type":"BreadcrumbList","@id":"https:\/\/www.vaillant.de\/21-grad\/impressum\/#breadcrumb","itemListElement":[{"@type":"ListItem","position":1,"name":"Startseite","item":"https:\/\/www.vaillant.de\/21-grad\/"},{"@type":"ListItem","position":2,"name":"Impressum"}]},{"@type":"WebSite","@id":"https:\/\/www.vaillant.de\/21-grad\/#website","url":"https:\/\/www.vaillant.de\/21-grad\/","name":"21 grad","description":"Der Blog f\u00fcr Menschen, die weiterdenken","potentialAction":[{"@type":"SearchAction","target":{"@type":"EntryPoint","urlTemplate":"https:\/\/www.vaillant.de\/21-grad\/?s={search_term_string}"},"query-input":{"@type":"PropertyValueSpecification","valueRequired":true,"valueName":"search_term_string"}}],"inLanguage":"de"}]}},"_links":{"self":[{"href":"https:\/\/www.vaillant.de\/21-grad\/wp-json\/wp\/v2\/pages\/58","targetHints":{"allow":["GET"]}}],"collection":[{"href":"https:\/\/www.vaillant.de\/21-grad\/wp-json\/wp\/v2\/pages"}],"about":[{"href":"https:\/\/www.vaillant.de\/21-grad\/wp-json\/wp\/v2\/types\/page"}],"author":[{"embeddable":true,"href":"https:\/\/www.vaillant.de\/21-grad\/wp-json\/wp\/v2\/users\/1"}],"replies":[{"embeddable":true,"href":"https:\/\/www.vaillant.de\/21-grad\/wp-json\/wp\/v2\/comments?post=58"}],"version-history":[{"count":19,"href":"https:\/\/www.vaillant.de\/21-grad\/wp-json\/wp\/v2\/pages\/58\/revisions"}],"predecessor-version":[{"id":8226,"href":"https:\/\/www.vaillant.de\/21-grad\/wp-json\/wp\/v2\/pages\/58\/revisions\/8226"}],"wp:attachment":[{"href":"https:\/\/www.vaillant.de\/21-grad\/wp-json\/wp\/v2\/media?parent=58"}],"wp:term":[{"taxonomy":"author","embeddable":true,"href":"https:\/\/www.vaillant.de\/21-grad\/wp-json\/wp\/v2\/coauthors?post=58"}],"curies":[{"name":"wp","href":"https:\/\/api.w.org\/{rel}","templated":true}]}}

<section class="content_paragraph"><strong>Anbieter:</strong></section>
<section class="content_paragraph">
<p class="content_paragraph"><strong>Vaillant Deutschland GmbH &amp; Co. KG</strong><br />
Berghauser Str. 40<br />
42859 Remscheid</p>
<p class="content_paragraph">Deutschland Sitz: Remscheid &#8211; Registergericht: Amtsgericht Wuppertal HRA 19318<br />
USt.-Ident-Nr. der Vaillant Deutschland GmbH &amp; Co. KG: DE 230767378</p>
<p>Persönlich haftende Gesellschafterin: Vaillant GmbH, Sitz: Remscheid, Registergericht: Amtsgericht Wuppertal HRB 11775<br />
Geschäftsführer: Dr.-Ing. Norbert Schiedeck (Vorsitzender), Dr. Stefan Borchers, Dr. Andree Groos, Klaus König<br />
Vorsitzender des Aufsichtsrates: Dr. Hubertus W. Labes</p>
<p>Geschäftsführende Kommanditistin: Vaillant Marketing GmbH, Sitz: Remscheid, Registergericht: Amtsgericht Wuppertal HRB 14558<br />
Geschäftsführer: Dr. Tillmann von Schroeter, Dr. Stefan Borchers, Dr. Andree Groos, Dr.-Ing. Norbert Schiedeck, Robert Worch</p>
<p>Kontakt: <a href="https://vaillant.helpjuice.com/contact-us">Kontaktformular</a></p>
<p>Vaillant Infoline: <a href="tel:01806824552">0180 6 824 552</a><br />
(20 Cent/Anruf aus dem deutschen Festnetz, aus Mobilfunk max. 60 Cent/Anruf.)<br />
Fax: 0 21 91-18 28 10</p>
<p><strong>Verantwortlich für den Inhalt nach § 55 Abs. 2 RStV</strong></p>
<p><strong>Vaillant Deutschland GmbH &amp; Co. KG</strong><br />
Berghauser Str. 40<br />
42859 Remscheid<br />
Deutschland<br />
<strong>E-Mail: </strong><a href="mailto:blog@21-grad.de" target="_blank" rel="noopener noreferrer">blog@21-grad.de</a><strong><br />
</strong></p>
<p><strong>Datenschutz </strong><br />
Unsere Websites werden in verschiedenen Ländern betrieben und sind für Besucher aus diesen Ländern bestimmt. Ihre persönlichen Daten werden in Übereinstimmung mit den Datenschutzbestimmungen des Landes, in dem die Website betrieben wird, gespeichert und weiterverwendet. Genauere Informationen zum Datenschutz finden Sie <a href="https://www.vaillant.de/ueber-uns/datenschutz/" target="_blank" rel="noopener noreferrer">hier</a>.</p>
<p><strong>Urheberrechte </strong><br />
© Vaillant Deutschland GmbH &amp; Co. KG<br />
Berghauser Str. 40 , D-42859 Remscheid, Deutschland.</p>
<p>Alle Rechte vorbehalten. Text, Bilder, Grafiken, Sound, Animationen und Videos sowie deren Anordnung auf diesem Unternehmensblog der Vaillant Deutschland GmbH &amp; Co. KG unterliegen dem Schutz des Urheberrechts und anderer Schutzgesetze. Der Inhalt dieser Website darf nicht zu kommerziellen Zwecken kopiert, verbreitet, verändert oder Dritten zugänglich gemacht werden. Wir weisen daraufhin, dass auf den Websites enthaltene Bilder teilweise dem Urheberrecht Dritter unterliegen.</p>
<p><strong>Markenzeichen </strong><br />
Soweit nicht anders angegeben, sind alle Markenzeichen auf dieser Website markenrechtlich zugunsten der Vaillant Deutschland GmbH &amp; Co. KG und/oder der entsprechend § 15 AktG mit der Vaillant Deutschland GmbH &amp; Co. KG verbundenen Unternehmen geschützt. Dies gilt insbesondere für Marken, Typenbezeichnungen, Logos und Embleme.</p>
<p><strong>Haftung </strong><br />
Diese Website wurde mit größtmöglicher Sorgfalt zusammengestellt. Trotzdem kann keine Gewähr für die Fehlerfreiheit und Genauigkeit der enthaltenen Informationen übernommen werden. Jegliche Haftung für Schäden, die direkt oder indirekt aus der Benutzung dieser Website entstehen, wird ausgeschlossen, soweit diese nicht auf Vorsatz oder grober Fahrlässigkeit beruhen. Sofern von dieser Website auf Internetseiten verwiesen wird, die von Dritten betrieben werden, übernimmt die Vaillant Deutschland GmbH &amp; Co. KG keine Verantwortung für deren Inhalte.</p>
<p><strong>Nutzungsrechte </strong><br />
Die auf dieser Seite verwendeten Inhalte sind leistungsrechtlich geschützt. Eine Verwertung, Vervielfältigung oder sonstige Verwendung bedarf der vorherigen schriftlichen Zustimmung der Vaillant Deutschland GmbH &amp; Co. KG. Diese Seite enthält auch geschütztes geistiges Eigentum wie Patente, Marken und Urheberrechte. Durch diese Website wird keine Lizenz zur Nutzung des geistigen Eigentums der Vaillant Deutschland GmbH &amp; Co. KG, deren entsprechend § 15 AktG verbundenen Unternehmen oder Dritten erteilt. Alle Rechte bleiben vorbehalten.</p>
<p><strong>Urheberrecht</strong><br />
Eine Verwertung des urheberrechtlichen geschützten Inhalte und Abbildungen, insbesondere durch Vervielfältigung, ist ohne die vorherige schriftliche Zustimmung der Vaillant Deutschland GmbH &amp; Co. KG unzulässig und strafbar, soweit sich aus Urheberrechtsgesetz nichts anderes ergibt.</p>
</section>

<p>Anbieter: Vaillant Deutschland GmbH &amp; Co. KG Berghauser Str. 40 42859 Remscheid Deutschland Sitz: Remscheid &#8211; Registergericht: Amtsgericht Wuppertal HRA 19318 USt.-Ident-Nr. der Vaillant Deutschland GmbH &amp; Co. KG: DE 230767378 Persönlich haftende Gesellschafterin: Vaillant GmbH, Sitz: Remscheid, Registergericht: Amtsgericht Wuppertal HRB 11775 Geschäftsführer: Dr.-Ing. Norbert Schiedeck (Vorsitzender), Dr. Stefan Borchers, Dr. Andree Groos, Klaus&#8230;  <a class="excerpt-read-more" href="https://www.vaillant.de/21-grad/impressum/" title="Read Impressum">Read more &raquo;</a></p>

<!-- This site is optimized with the Yoast SEO plugin v27.4 - https://yoast.com/product/yoast-seo-wordpress/ -->
<title>Impressum | 21 grad</title>
<meta name="description" content="Hier findet ihr die gültigen Kontakt- und Impressums-Informationen zum 21 grad-Blog. Jetzt lesen und informieren!" />
<meta name="robots" content="index, follow, max-snippet:-1, max-image-preview:large, max-video-preview:-1" />
<link rel="canonical" href="https://www.vaillant.de/21-grad/impressum/" />
<meta property="og:locale" content="de_DE" />
<meta property="og:type" content="article" />
<meta property="og:title" content="Impressum | 21 grad" />
<meta property="og:description" content="Hier findet ihr die gültigen Kontakt- und Impressums-Informationen zum 21 grad-Blog. Jetzt lesen und informieren!" />
<meta property="og:url" content="https://www.vaillant.de/21-grad/impressum/" />
<meta property="og:site_name" content="21 grad" />
<meta property="article:publisher" content="https://www.facebook.com/21grad/" />
<meta property="article:modified_time" content="2024-05-27T11:52:53+00:00" />
<meta name="twitter:card" content="summary_large_image" />
<meta name="twitter:site" content="@vaillant_de" />
<meta name="twitter:label1" content="Geschätzte Lesezeit" />
	<meta name="twitter:data1" content="3 Minuten" />
	<meta name="twitter:label2" content="Written by" />
	<meta name="twitter:data2" content="Stephan" />
<script type="application/ld+json" class="yoast-schema-graph">{"@context":"https:\/\/schema.org","@graph":[{"@type":"WebPage","@id":"https:\/\/www.vaillant.de\/21-grad\/impressum\/","url":"https:\/\/www.vaillant.de\/21-grad\/impressum\/","name":"Impressum | 21 grad","isPartOf":{"@id":"https:\/\/www.vaillant.de\/21-grad\/#website"},"datePublished":"2015-11-23T14:18:15+00:00","dateModified":"2024-05-27T11:52:53+00:00","description":"Hier findet ihr die gültigen Kontakt- und Impressums-Informationen zum 21 grad-Blog. Jetzt lesen und informieren!","breadcrumb":{"@id":"https:\/\/www.vaillant.de\/21-grad\/impressum\/#breadcrumb"},"inLanguage":"de","potentialAction":[{"@type":"ReadAction","target":["https:\/\/www.vaillant.de\/21-grad\/impressum\/"]}]},{"@type":"BreadcrumbList","@id":"https:\/\/www.vaillant.de\/21-grad\/impressum\/#breadcrumb","itemListElement":[{"@type":"ListItem","position":1,"name":"Startseite","item":"https:\/\/www.vaillant.de\/21-grad\/"},{"@type":"ListItem","position":2,"name":"Impressum"}]},{"@type":"WebSite","@id":"https:\/\/www.vaillant.de\/21-grad\/#website","url":"https:\/\/www.vaillant.de\/21-grad\/","name":"21 grad","description":"Der Blog für Menschen, die weiterdenken","potentialAction":[{"@type":"SearchAction","target":{"@type":"EntryPoint","urlTemplate":"https:\/\/www.vaillant.de\/21-grad\/?s={search_term_string}"},"query-input":{"@type":"PropertyValueSpecification","valueRequired":true,"valueName":"search_term_string"}}],"inLanguage":"de"}]}</script>
<!-- / Yoast SEO plugin. -->

Hier findet ihr die gültigen Kontakt- und Impressums-Informationen zum 21 grad-Blog. Jetzt lesen und informieren!

Der Blog für Menschen, die weiterdenken
